). Suppose 3*p + 0*g = o*g - 3, 0 = 3*g - 9. Let v(f) = 26 - 29 - p*f + f. Calculate v(-4).
1
Suppose -5*a + 8*a = 0. Let k(y) = 1 - 8 + a - y**2. Suppose f - 2*z = -10, 4*z = f + 6 + 14. What is k(f)?
-7
Let u(h) = -4*h - 3. Let j(d) = 12*d + 9. Let r(z) = 2*j(z) + 7*u(z). Suppose -30 = -3*l - 2*l. Suppose -l = b - t, 3*t - 3 = 9. Calculate r(b).
5
Let p be 0*5*5/(-50). Let l(j) be the third derivative of 0 + 0*j - 1/3*j**3 + 1/24*j**4 - 2*j**2 - 1/60*j**5. What is l(p)?
-2
Let c be -1*(5 - 5 - (-20)/4). Let x(g) = 7*g**2 + 3. Let k(h) = -2*h**2 + 3*h**2 - 2*h**2 + h. Let j(y) = 6*k(y) + x(y). Determine j(c).
-2
Suppose -m + 2*m - 5*w + 15 = 0, 10 = -4*m - 5*w. Let l be ((-14)/(-35))/(1/m). Let f(j) = 2*j**3 + 3*j**2 + 3*j + 2. What is f(l)?
-8
Let a(c) be the first derivative of c**3/3 - c**2 - 4*c + 127. Determine a(4).
4
Suppose 3*o = 9 - 3. Let v be (o/(-6))/((-16)/(-240)). Let u(z) = z + 10. Determine u(v).
5
Let t(n) = -n**3 + n**2 - n - 4. Suppose 0 = 2*j - 3*z + 22, 5*z - 8 = z. Let i be 0/(4/j*2). Give t(i).
-4
Let d(s) = -3*s + 7. Let w be d(-5). Suppose w = -5*p - 3. Let v(j) = -j**2 - 7*j + 2. Calculate v(p).
12
Let g be -5 + (-40)/((-28)/7). Let f(m) be the third derivative of 0*m + 1/6*m**3 - 1/4*m**4 + 0 - 1/60*m**g + 2*m**2. What is f(-6)?
1
Let l(d) = d**2 + d - 4. Let s(t) = 2*t - 16. Let r = -29 + 37. Let i be s(r). Give l(i).
-4
Let b(v) = -v + 9. Let z be b(5). Suppose -c + 4 = 3*t, -1 = -3*c + z*c - 2*t. Let w(i) = 0 - 1 - c + 0*i - 2*i**2 - 4*i. Determine w(-3).
-8
Let c(q) = 7*q**2 - q - 2. Let y be (-8)/10*(-5)/1. Let i(x) = -y*x**2 + 3 - 9*x**2 + 2*x - 1 + 2. Let u(j) = -11*c(j) - 6*i(j). Calculate u(2).
0
Let d(j) = -j + 1. Let n be 15*((-8)/28 - (-160)/21). Let r = n + -110. Give d(r).
1
Let p = 900 + -895. Let c(r) = -4*r + 20. Give c(p).
0
Let m(a) = 4*a**2 - 4*a - 1. Let o(g) = 7*g**2 - 9*g - 3. Let u(n) = -5*m(n) + 3*o(n). Let q(v) = -2*v**2 + 15*v + 7. Let d(r) = -2*q(r) - 5*u(r). What is d(5)?
6
Let k(f) = f**2 - 2*f + 2. Let x be ((-64)/(-12) - 5)*-9. What is k(x)?
17
Let s(j) = 11*j**3 + 32*j**2 + 26*j - 27. Let x(i) = 4*i**3 + 11*i**2 + 9*i - 9. Let b = -3 + -5. Let u(t) = b*x(t) + 3*s(t). Determine u(-7).
-2
Let r(f) = 244*f - 121*f - 2 - 117*f. Give r(1).
4
Let f be (-1)/(-2) + (-6)/(36/(-39)). Suppose -4*u - f + 23 = 0. Let s(b) = 3*b - 2. Give s(u).
10
Let r = -1799 - -1802. Let d(p) = 3*p - 14. What is d(r)?
-5
Let l(k) = 10*k - 4*k**2 + 7*k**2 - 2*k**2 + 7. Determine l(-9).
-2
Let j be (-6 + 10 + -4)/(2*1). Let q(b) = -10 - b + 11 + 0*b + j*b. Give q(4).
-3
Let a be 2/5 + (-72)/(-20). Let c(o) = 3*o - 2*o + o + a. Let g = -202 - -197. Determine c(g).
-6
Let v be (-4 + 3 - 3) + 9. Suppose u - v*j + 3 + 2 = 0, -2*j + 2 = -u. Suppose 0*t + t + 7 = u. Let g(f) = f**3 + 8*f**2 + 7*f + 3. Give g(t).
3
Let d = -1 + 5. Suppose 11 = d*h - 1. Let v(u) be the first derivative of u**4/4 - 5*u**3/3 + u**2 + 2*u + 154. Determine v(h).
-10
Suppose -y - 3 = 1. Let z be y/(2 - 12/3). Let a(n) = 3*n + 8*n**2 - 5*n - 3*n**2 + 2 - 4*n**2. Determine a(z).
2
Suppose -4*n = -17*n - 104. Let c(r) = -5*r - 28. Let l be c(n). Let t(h) = h - 9. Calculate t(l).
3
Let t(b) be the first derivative of -3*b**4/4 + 8*b**3/3 - 2*b**2 - 11*b - 7. Let i(u) = -u**3 + u - 1. Let w(s) = 2*i(s) - t(s). Determine w(7).
2
Suppose -4 = -s + 1. Let d(a) = -4*a + a**2 + 0*a - 2*a. Calculate d(s).
-5
Let w(f) = -f**2 - 6*f + 1. Let t(m) = -m**3 - 13*m**2 + 13*m - 21. Let i be t(-14). Calculate w(i).
-6
Let n(a) = a**2 - 15*a - 37. Suppose 3*t - 51 = -z, 4*z + 32 = 2*t - 2. Determine n(t).
-3
Let n(t) be the first derivative of 3*t**2/2 + 206. Suppose l - 1 = -3. Determine n(l).
-6
Let f(m) = -1 + m**2 + 67*m - 52*m - 24*m. Determine f(8).
-9
Let q(t) = t**3 - 4*t**2 - 5*t + 2. Let h be q(5). Suppose 5*z - 7 = 3*u, -3*u + 1 = -6*u + h*z. Let o(j) = -4*j + 2*j + j + u. Give o(4).
-3
Let m(z) = -z**3 + z. Let d(b) = b**3 + 3*b**2 + 3*b - 1. Let u(l) = d(l) + 2*m(l). Let q = 0 + 40. Let h be ((-6)/(-5))/(12/q). Give u(h).
3
Let w be (-24)/(-11) - (96/44 - 2). Let g(r) be the third derivative of r**5/60 - r**3/3 + 25*r**2. What is g(w)?
2
Let d(r) = 8 - 1014*r**2 + 999*r**2 + 7*r + r**3 - 23*r. Calculate d(16).
8
Let w(m) = -13*m**3 + 4*m**2 - 2*m + 6. Let l(j) = 23*j**3 - 8*j**2 + 5*j - 12. Let s(a) = -4*l(a) - 7*w(a). What is s(4)?
-18
Let y(f) = -f**3 - 2*f**2 + 3*f - 3. Let a = -129 + 124. Let g be 3/(-6)*(1 - a). What is y(g)?
-3
Let n(u) = 4*u**3 - u**2 + 6*u - 5. Let y be n(1). Let j(f) = -2*f + 1. Give j(y).
-7
Suppose -21*y = -12*y. Let l be (9/(-3) - y) + 1. Let m(i) be the first derivative of i**4/2 + i**3/3 - i**2 - 2*i + 2. Calculate m(l).
-10
Let m(a) be the first derivative of -a**4/4 - 2*a**3 + a**2 + 8*a + 258. Calculate m(-5).
-27
Let g(q) = -q**3 - q + 13 - 3 + 2*q**3 + 7*q**2 + 2*q. Give g(-7).
3
Let p(b) = b**3 + 4*b**2 - 3*b + 7. Let c be 15/9 - 8/(-6). Let j be ((-3)/(c/(-5)))/(-1). What is p(j)?
-3
Let b(m) = 3*m - 1. Let f(j) = j**2 + 4*j - 1. Suppose 4*g = -k - 21, -3*g + 2*g - 4*k - 24 = 0. Let l be f(g). What is b(l)?
-4
Let u = -161 - -155. Let k(j) = -1 + 4 - 7*j**2 - 7 + 3*j**3 - 4*j**3 - 8*j. What is k(u)?
8
Let f(b) = b + 9. Let g(q) = 8*q**2 - 1 - q**3 - 3*q**2 - 2*q - 9*q**2. Let k be g(-3). Let h be (-3 + 4)/(1/k). Calculate f(h).
5
Suppose 0*t - 65 = -5*t. Suppose t = 5*o - 3*p, -o = -3*o - 5*p + 30. Let i(g) be the first derivative of g**3/3 - 3*g**2 - 4*g - 1. Calculate i(o).
-9
Suppose 0 = -m + 4 + 23. Let d(t) = t - 12 + m - 14. Let v(c) = -6*c - 12. Let s(j) = 10*d(j) + v(j). Give s(-2).
-10
Suppose -10 = -5*v - 60. Let t be (v/20)/((-2)/(-4)). Let c(s) = -4*s**2 + s. Calculate c(t).
-5
Let i(w) = -4*w + 43. Let j be i(10). Let v(m) = -j*m + 44 - 88 + 6*m + 43. Give v(1).
2
Suppose 4*y + n = -0*n + 17, -4*n = y - 23. Let g(p) = 2*p**2 + 9*p - 4. Let v(r) = 2*r + 2*r - r**2 + 2*r**2 - 2. Let o(h) = y*g(h) - 7*v(h). Give o(2).
-4
Let n(u) = -798*u - 40*u**2 + 798*u + 1. Determine n(1).
-39
Let n(s) = -3*s - 78. Let m be n(-28). Let f(i) = -i**3 + 6*i**2 - 4*i + 4. Give f(m).
-20
Let g be 4/(-20)*(-4 - 344/(-96)). Let a(k) be the third derivative of 0*k + 4/3*k**3 - 12*k**2 + 0 - g*k**4. Give a(6).
-4
Let d(h) be the first derivative of h**4/4 - 5*h**3/3 - h**2 + 4*h + 23. Suppose -8 - 12 = -4*k. What is d(k)?
-6
Let s = -976 - -974. Let x(c) be the third derivative of c**7/2520 - c**6/720 + c**5/120 + c**4/12 + c**2. Let u(t) be the second derivative of x(t). Give u(s).
7
Let b be 11 + (145 + -10)/(-9). Let p(d) = d - 1. Let a(s) = -6*s + 9. Let x(o) = -2*a(o) - 14*p(o). Calculate x(b).
4
Let y(v) = -58 + 2*v**2 + 0*v + 95 - 49 + v. Give y(-5).
33
Let i(n) = 3*n**2 + 4*n. Let k(t) = -4*t**2 - 5*t - 1. Let m(b) = 3*i(b) + 2*k(b). Let r be 57/15 + (-8)/10. Suppose -9 = r*z - 0. Determine m(z).
1
Let h(k) = -2*k - 3. Let x(t) = -t**2 - 1. Let c = 26 - 27. Let d(w) = c*h(w) + x(w). Give d(-3).
-13
Let z(a) = -a**2 - a - 15. Let d(n) = n**2 - 12*n + 36. Let c be d(6). Suppose 17*f - 10*f = c. Determine z(f).
-15
Let u(b) = -2*b - 1. Suppose -7*p = 6*p - 26. Let i(g) = -g + 7. Let d be i(6). Let k = p + d. Calculate u(k).
-7
Let c(v) = v**3 + 5*v**2 + 2*v - 7. Let a = -195 + 192. Determine c(a).
5
Let l = -36 - -37. Let k(z) be the third derivative of -z**6/15 + z**5/60 + z**4/24 - z**3/6 + z**2. Give k(l).
-7
Let b(r) = -r**2 + 5*r + 4. Let q be (-2 + (-70)/(-15))*27/12. Determine b(q).
-2
Suppose -10*s + 12*s = 2. Let j(d) = 2 - 14 - d + s. What is j(-5)?
-6
Let m = 31 + -17. Suppose -5*g + 3*g = m. Let k = g - -5. Let x(a) = a**3 + a**2 - 3*a - 1. What is x(k)?
1
Suppose 0*i + 5*i - 10 = 0. Let r(l) = 1 - l**i + 4*l + 1 + 2*l. Let g be (0 + 8)*((-675)/60 + 12). What is r(g)?
2
Let u(x) be the second derivative of -x**4/24 - 13*x**3/6 - 16*x**2 + 7*x. Let z(c) be the first derivative of u(c). Determine z(0).
-13
Let d(n) = -n**3 + 7*n**2 + 6*n + 11. Let l be d(8). Suppose -6*j + j + 2*a + 29 = 0, 5*j - 33 = 4*a. Let s(f) = j*f - 11 - 4*f + 8. Calculate s(l).
-8
Let t(x) = x**2 - 2*x - 8. Suppose 0 = -14*r + 173 - 75. Determine t(r).
27
Let n(z) be the first derivative of z**4/4 - z**3 - 5*z**2/2 + z + 33. Determine n(4).
-3
Let u(y) = -y**3 + 5*y**2 - 5*y + 6. Suppose -3*s - 5 = 5*l, 3*s - 35 = l + 4*l. Suppos